{"id":2564,"date":"2026-02-13T06:55:31","date_gmt":"2026-02-13T06:55:31","guid":{"rendered":"https:\/\/assig.com.mx\/?page_id=2564"},"modified":"2026-02-13T07:11:15","modified_gmt":"2026-02-13T07:11:15","slug":"iso-37001-sistema-de-gestion-antisoborno","status":"publish","type":"page","link":"https:\/\/assig.com.mx\/?page_id=2564","title":{"rendered":"ISO 37001 &#8211; Sistema de Gesti\u00f3n Antisoborno"},"content":{"rendered":"\t\t<div data-elementor-type=\"wp-page\" data-elementor-id=\"2564\" class=\"elementor elementor-2564\">\n\t\t\t\t\t\t<section class=\"elementor-section elementor-top-section elementor-element elementor-element-fed4897 elementor-section-boxed elementor-section-height-default elementor-section-height-default\" data-id=\"fed4897\" data-element_type=\"section\" data-e-type=\"section\">\n\t\t\t\t\t\t<div class=\"elementor-container elementor-column-gap-default\">\n\t\t\t\t\t<div class=\"elementor-column elementor-col-100 elementor-top-column elementor-element elementor-element-8165198\" data-id=\"8165198\" data-element_type=\"column\" data-e-type=\"column\">\n\t\t\t<div class=\"elementor-widget-wrap elementor-element-populated\">\n\t\t\t\t\t\t<div class=\"elementor-element elementor-element-9d643e1 elementor-widget elementor-widget-spacer\" data-id=\"9d643e1\" data-element_type=\"widget\" data-e-type=\"widget\" data-widget_type=\"spacer.default\">\n\t\t\t\t\t\t\t<div class=\"elementor-spacer\">\n\t\t\t<div class=\"elementor-spacer-inner\"><\/div>\n\t\t<\/div>\n\t\t\t\t\t\t<\/div>\n\t\t\t\t<div class=\"elementor-element elementor-element-fec10cb elementor-widget elementor-widget-text-editor\" data-id=\"fec10cb\" data-element_type=\"widget\" data-e-type=\"widget\" data-widget_type=\"text-editor.default\">\n\t\t\t\t\t\t\t\t\t<p><span style=\"font-weight: 400;\">Es la norma internacional m\u00e1s reconocida para los <\/span>sistemas de gesti\u00f3n antisoborno<span style=\"font-weight: 400;\">. Esta norma define los requisitos que deben cumplir las organizaciones para prevenir, detectar y abordar el soborno en sus actividades.<\/span><\/p><p><span style=\"font-style: inherit;\">La norma proporciona a las empresas de cualquier tama\u00f1o y sector orientaciones para <\/span><span style=\"font-style: inherit; font-weight: inherit;\">establecer, implantar, mantener y mejorar de manera continua<\/span><span style=\"font-style: inherit;\"> un sistema de gesti\u00f3n que promueva la \u00e9tica, la transparencia y el cumplimiento legal.<\/span><\/p>\t\t\t\t\t\t\t\t<\/div>\n\t\t\t\t<div class=\"elementor-element elementor-element-7b31508 elementor-widget elementor-widget-spacer\" data-id=\"7b31508\" data-element_type=\"widget\" data-e-type=\"widget\" data-widget_type=\"spacer.default\">\n\t\t\t\t\t\t\t<div class=\"elementor-spacer\">\n\t\t\t<div class=\"elementor-spacer-inner\"><\/div>\n\t\t<\/div>\n\t\t\t\t\t\t<\/div>\n\t\t\t\t\t<\/div>\n\t\t<\/div>\n\t\t\t\t\t<\/div>\n\t\t<\/section>\n\t\t\t\t<section class=\"elementor-section elementor-top-section elementor-element elementor-element-af21393 elementor-section-boxed elementor-section-height-default elementor-section-height-default\" data-id=\"af21393\" data-element_type=\"section\" data-e-type=\"section\">\n\t\t\t\t\t\t<div class=\"elementor-container elementor-column-gap-default\">\n\t\t\t\t\t<div class=\"elementor-column elementor-col-100 elementor-top-column elementor-element elementor-element-3d8743f\" data-id=\"3d8743f\" data-element_type=\"column\" data-e-type=\"column\">\n\t\t\t<div class=\"elementor-widget-wrap elementor-element-populated\">\n\t\t\t\t\t\t<div class=\"elementor-element elementor-element-b6df7ea elementor-widget elementor-widget-text-editor\" data-id=\"b6df7ea\" data-element_type=\"widget\" data-e-type=\"widget\" data-widget_type=\"text-editor.default\">\n\t\t\t\t\t\t\t\t\t<ul><li><b>Prevenci\u00f3n del soborno: <\/b><span style=\"font-weight: 400;\">Establece controles y pol\u00edticas para reducir el riesgo de pr\u00e1cticas corruptas dentro y fuera de la organizaci\u00f3n.<\/span><\/li><li><b>Cumplimiento normativo: <\/b><span style=\"font-weight: 400;\">Ayuda a cumplir con leyes y regulaciones anticorrupci\u00f3n nacionales e internacionales.<\/span><\/li><li><b>Protecci\u00f3n de la reputaci\u00f3n: <\/b><span style=\"font-weight: 400;\">Reduce el riesgo de sanciones, multas y da\u00f1os a la imagen corporativa.<\/span><\/li><li><b>Gesti\u00f3n de riesgos de integridad: <\/b><span style=\"font-weight: 400;\">Permite identificar, evaluar y mitigar riesgos asociados al soborno y la corrupci\u00f3n.<\/span><\/li><li><b>Cultura \u00e9tica: <\/b><span style=\"font-weight: 400;\">Fomenta valores de integridad, transparencia y responsabilidad en toda la organizaci\u00f3n.<\/span><\/li><li><b>Ventaja competitiva: <\/b><span style=\"font-weight: 400;\">Demuestra compromiso con pr\u00e1cticas empresariales \u00e9ticas frente a clientes y socios comerciales.<\/span><\/li><li><b>Confianza y credibilidad: <\/b><span style=\"font-weight: 400;\">Refuerza la confianza de clientes, autoridades y partes interesadas en la integridad de la organizaci\u00f3n.<\/span><\/li><\/ul>\t\t\t\t\t\t\t\t<\/div>\n\t\t\t\t\t<\/div>\n\t\t<\/div>\n\t\t\t\t\t<\/div>\n\t\t<\/section>\n\t\t\t\t<section class=\"elementor-section elementor-top-section elementor-element elementor-element-6bc5c95 elementor-section-boxed elementor-section-height-default elementor-section-height-default\" data-id=\"6bc5c95\" data-element_type=\"section\" data-e-type=\"section\">\n\t\t\t\t\t\t<div class=\"elementor-container elementor-column-gap-default\">\n\t\t\t\t\t<div class=\"elementor-column elementor-col-100 elementor-top-column elementor-element elementor-element-a4510c6\" data-id=\"a4510c6\" data-element_type=\"column\" data-e-type=\"column\">\n\t\t\t<div class=\"elementor-widget-wrap elementor-element-populated\">\n\t\t\t\t\t\t<div class=\"elementor-element elementor-element-be6de62 elementor-widget elementor-widget-text-editor\" data-id=\"be6de62\" data-element_type=\"widget\" data-e-type=\"widget\" data-widget_type=\"text-editor.default\">\n\t\t\t\t\t\t\t\t\t<div class=\"elementor-element elementor-element-17c47e3 elementor-widget elementor-widget-text-editor\" data-id=\"17c47e3\" data-element_type=\"widget\" data-e-type=\"widget\" data-widget_type=\"text-editor.default\"><p><strong>ASSIG\u00a0<\/strong>te puede ayudar a dise\u00f1ar, desarrollar e implementar un Sistema de Gesti\u00f3n de la Inocuidad de los alimentos<\/p><\/div><div class=\"elementor-element elementor-element-0b547af elementor-widget elementor-widget-text-editor\" data-id=\"0b547af\" data-element_type=\"widget\" data-e-type=\"widget\" data-widget_type=\"text-editor.default\">\u00a0<\/div>\t\t\t\t\t\t\t\t<\/div>\n\t\t\t\t\t<\/div>\n\t\t<\/div>\n\t\t\t\t\t<\/div>\n\t\t<\/section>\n\t\t\t\t<section class=\"elementor-section elementor-top-section elementor-element elementor-element-296cfe5 elementor-section-boxed elementor-section-height-default elementor-section-height-default\" data-id=\"296cfe5\" data-element_type=\"section\" data-e-type=\"section\">\n\t\t\t\t\t\t<div class=\"elementor-container elementor-column-gap-default\">\n\t\t\t\t\t<div class=\"elementor-column elementor-col-100 elementor-top-column elementor-element elementor-element-fb84e2d\" data-id=\"fb84e2d\" data-element_type=\"column\" data-e-type=\"column\">\n\t\t\t<div class=\"elementor-widget-wrap elementor-element-populated\">\n\t\t\t\t\t\t<div class=\"elementor-element elementor-element-9ded3fc elementor-widget elementor-widget-text-editor\" data-id=\"9ded3fc\" data-element_type=\"widget\" data-e-type=\"widget\" data-widget_type=\"text-editor.default\">\n\t\t\t\t\t\t\t\t\t<p><strong>Cont\u00e1ctanos para un webinar ISO 37001<\/strong><br><strong>\u00a1Gratuito!<\/strong><\/p>\t\t\t\t\t\t\t\t<\/div>\n\t\t\t\t\t<\/div>\n\t\t<\/div>\n\t\t\t\t\t<\/div>\n\t\t<\/section>\n\t\t\t\t<section class=\"elementor-section elementor-top-section elementor-element elementor-element-86496de elementor-section-boxed elementor-section-height-default elementor-section-height-default\" data-id=\"86496de\" data-element_type=\"section\" data-e-type=\"section\">\n\t\t\t\t\t\t<div class=\"elementor-container elementor-column-gap-default\">\n\t\t\t\t\t<div class=\"elementor-column elementor-col-100 elementor-top-column elementor-element elementor-element-c3eb114\" data-id=\"c3eb114\" data-element_type=\"column\" data-e-type=\"column\">\n\t\t\t<div class=\"elementor-widget-wrap elementor-element-populated\">\n\t\t\t\t\t\t<div class=\"elementor-element elementor-element-a663a0d elementor-align-center elementor-widget elementor-widget-button\" data-id=\"a663a0d\" data-element_type=\"widget\" data-e-type=\"widget\" data-widget_type=\"button.default\">\n\t\t\t\t\t\t\t\t\t\t<a class=\"elementor-button elementor-button-link elementor-size-sm\" href=\"\">\n\t\t\t\t\t\t<span class=\"elementor-button-content-wrapper\">\n\t\t\t\t\t\t\t\t\t<span class=\"elementor-button-text\">CONOCER M\u00c1S<\/span>\n\t\t\t\t\t<\/span>\n\t\t\t\t\t<\/a>\n\t\t\t\t\t\t\t\t<\/div>\n\t\t\t\t\t<\/div>\n\t\t<\/div>\n\t\t\t\t\t<\/div>\n\t\t<\/section>\n\t\t\t\t<\/div>\n\t\t","protected":false},"excerpt":{"rendered":"<p>Es la norma internacional m\u00e1s reconocida para los sistemas de gesti\u00f3n antisoborno. Esta norma define los requisitos que deben cumplir [&hellip;]<\/p>\n","protected":false},"author":1,"featured_media":0,"parent":0,"menu_order":0,"comment_status":"closed","ping_status":"closed","template":"","meta":{"om_disable_all_campaigns":false,"_monsterinsights_skip_tracking":false,"_monsterinsights_sitenote_active":false,"_monsterinsights_sitenote_note":"","_monsterinsights_sitenote_category":0,"site-sidebar-layout":"no-sidebar","site-content-layout":"page-builder","ast-site-content-layout":"full-width-container","site-content-style":"default","site-sidebar-style":"default","ast-global-header-display":"","ast-banner-title-visibility":"","ast-main-header-display":"","ast-hfb-above-header-display":"","ast-hfb-below-header-display":"","ast-hfb-mobile-header-display":"","site-post-title":"","ast-breadcrumbs-content":"","ast-featured-img":"disabled","footer-sml-layout":"","ast-disable-related-posts":"","theme-transparent-header-meta":"","adv-header-id-meta":"","stick-header-meta":"","header-above-stick-meta":"","header-main-stick-meta":"","header-below-stick-meta":"","astra-migrate-meta-layouts":"set","ast-page-background-enabled":"default","ast-page-background-meta":{"desktop":{"background-color":"","background-image":"","background-repeat":"repeat","background-position":"center center","background-size":"auto","background-attachment":"scroll","background-type":"","background-media":"","overlay-type":"","overlay-color":"","overlay-opacity":"","overlay-gradient":""},"tablet":{"background-color":"","background-image":"","background-repeat":"repeat","background-position":"center center","background-size":"auto","background-attachment":"scroll","background-type":"","background-media":"","overlay-type":"","overlay-color":"","overlay-opacity":"","overlay-gradient":""},"mobile":{"background-color":"","background-image":"","background-repeat":"repeat","background-position":"center center","background-size":"auto","background-attachment":"scroll","background-type":"","background-media":"","overlay-type":"","overlay-color":"","overlay-opacity":"","overlay-gradient":""}},"ast-content-background-meta":{"desktop":{"background-color":"var(--ast-global-color-5)","background-image":"","background-repeat":"repeat","background-position":"center center","background-size":"auto","background-attachment":"scroll","background-type":"","background-media":"","overlay-type":"","overlay-color":"","overlay-opacity":"","overlay-gradient":""},"tablet":{"background-color":"var(--ast-global-color-5)","background-image":"","background-repeat":"repeat","background-position":"center center","background-size":"auto","background-attachment":"scroll","background-type":"","background-media":"","overlay-type":"","overlay-color":"","overlay-opacity":"","overlay-gradient":""},"mobile":{"background-color":"var(--ast-global-color-5)","background-image":"","background-repeat":"repeat","background-position":"center center","background-size":"auto","background-attachment":"scroll","background-type":"","background-media":"","overlay-type":"","overlay-color":"","overlay-opacity":"","overlay-gradient":""}},"footnotes":""},"class_list":["post-2564","page","type-page","status-publish","hentry"],"aioseo_notices":[],"_links":{"self":[{"href":"https:\/\/assig.com.mx\/index.php?rest_route=\/wp\/v2\/pages\/2564","targetHints":{"allow":["GET"]}}],"collection":[{"href":"https:\/\/assig.com.mx\/index.php?rest_route=\/wp\/v2\/pages"}],"about":[{"href":"https:\/\/assig.com.mx\/index.php?rest_route=\/wp\/v2\/types\/page"}],"author":[{"embeddable":true,"href":"https:\/\/assig.com.mx\/index.php?rest_route=\/wp\/v2\/users\/1"}],"replies":[{"embeddable":true,"href":"https:\/\/assig.com.mx\/index.php?rest_route=%2Fwp%2Fv2%2Fcomments&post=2564"}],"version-history":[{"count":8,"href":"https:\/\/assig.com.mx\/index.php?rest_route=\/wp\/v2\/pages\/2564\/revisions"}],"predecessor-version":[{"id":2575,"href":"https:\/\/assig.com.mx\/index.php?rest_route=\/wp\/v2\/pages\/2564\/revisions\/2575"}],"wp:attachment":[{"href":"https:\/\/assig.com.mx\/index.php?rest_route=%2Fwp%2Fv2%2Fmedia&parent=2564"}],"curies":[{"name":"wp","href":"https:\/\/api.w.org\/{rel}","templated":true}]}}