{"id":2483,"date":"2026-02-07T00:20:17","date_gmt":"2026-02-07T00:20:17","guid":{"rendered":"https:\/\/assig.com.mx\/?page_id=2483"},"modified":"2026-02-07T00:53:05","modified_gmt":"2026-02-07T00:53:05","slug":"blog-esr-por-que-ser-una-empresa-socialmente-responsable-impulsa-la-confianza-y-competitividad","status":"publish","type":"page","link":"https:\/\/assig.com.mx\/?page_id=2483","title":{"rendered":"Blog ESR: \u00bfPor qu\u00e9 ser una Empresa Socialmente Responsable impulsa la confianza y competitividad?"},"content":{"rendered":"\t\t<div data-elementor-type=\"wp-page\" data-elementor-id=\"2483\" class=\"elementor elementor-2483\">\n\t\t\t\t\t\t<section class=\"elementor-section elementor-top-section elementor-element elementor-element-38e6989f elementor-section-full_width elementor-section-content-middle elementor-section-height-default elementor-section-height-default\" data-id=\"38e6989f\" data-element_type=\"section\" data-e-type=\"section\">\n\t\t\t\t\t\t<div class=\"elementor-container elementor-column-gap-no\">\n\t\t\t\t\t<div class=\"elementor-column elementor-col-50 elementor-top-column elementor-element elementor-element-299aba36\" data-id=\"299aba36\" data-element_type=\"column\" data-e-type=\"column\">\n\t\t\t<div class=\"elementor-widget-wrap elementor-element-populated\">\n\t\t\t\t\t\t<div class=\"elementor-element elementor-element-67f437ad elementor-widget__width-initial elementor-widget elementor-widget-text-editor\" data-id=\"67f437ad\" data-element_type=\"widget\" data-e-type=\"widget\" data-widget_type=\"text-editor.default\">\n\t\t\t\t\t\t\t\t\t<p style=\"font-weight: 400;\"><span style=\"color: #000000;\">La responsabilidad social dej\u00f3 de ser una tendencia para convertirse en una <span style=\"color: #33cccc;\"><strong>exigencia del mercado<\/strong>.<\/span><\/span><br \/><span style=\"color: #000000;\">Hoy, clientes, inversionistas, colaboradores y la sociedad buscan empresas que <span style=\"color: #33cccc;\"><strong>no solo generen valor econ\u00f3mico<\/strong><\/span>, sino que tambi\u00e9n demuestren un compromiso real con el <span style=\"color: #33cccc;\"><strong>medio ambiente, la \u00e9tica, el bienestar laboral y la comunidad<\/strong>.<\/span><\/span><\/p><p style=\"font-weight: 400;\"><span style=\"color: #000000;\">Obtener el distintivo <span style=\"color: #33cccc;\"><strong>ESR (Empresa Socialmente Responsable)<\/strong><\/span> se ha vuelto una de las formas m\u00e1s s\u00f3lidas de demostrar ese compromiso.<\/span><br \/><span style=\"color: #000000;\">En <span style=\"color: #33cccc;\"><strong>ASSIG<\/strong><\/span>, acompa\u00f1amos a las organizaciones en la implementaci\u00f3n de pr\u00e1cticas responsables que fortalecen su reputaci\u00f3n y su posici\u00f3n estrat\u00e9gica en el mercado.<\/span><\/p>\t\t\t\t\t\t\t\t<\/div>\n\t\t\t\t<div class=\"elementor-element elementor-element-47e32998 elementor-widget elementor-widget-text-editor\" data-id=\"47e32998\" data-element_type=\"widget\" data-e-type=\"widget\" data-widget_type=\"text-editor.default\">\n\t\t\t\t\t\t\t\t\t<h3><strong>\u00bfQu\u00e9 significa ser una Empresa Socialmente Responsable?<\/strong><\/h3>\t\t\t\t\t\t\t\t<\/div>\n\t\t\t\t<div class=\"elementor-element elementor-element-208b37f8 elementor-widget elementor-widget-text-editor\" data-id=\"208b37f8\" data-element_type=\"widget\" data-e-type=\"widget\" data-widget_type=\"text-editor.default\">\n\t\t\t\t\t\t\t\t\t<p style=\"font-weight: 400;\"><span style=\"color: #000000;\">El distintivo <span style=\"color: #33cccc;\"><strong>ESR<\/strong><\/span>, otorgado por el <span style=\"color: #33cccc;\"><strong>Centro Mexicano para la Filantrop\u00eda (CEMEFI)<\/strong><\/span>, reconoce a las empresas que integran <span style=\"color: #33cccc;\"><strong>pol\u00edticas, pr\u00e1cticas y actividades alineadas a la responsabilidad social<\/strong> <\/span>dentro de su operaci\u00f3n diaria.<\/span><\/p><p style=\"font-weight: 400;\"><span style=\"color: #000000;\">Ser ESR implica demostrar desempe\u00f1o en cinco ejes clave:<\/span><\/p><ol style=\"font-weight: 400;\"><li><span style=\"color: #33cccc;\"><strong>Calidad de vida en la empresa<\/strong><\/span><\/li><li><span style=\"color: #33cccc;\"><strong>\u00c9tica empresarial<\/strong><\/span><\/li><li><span style=\"color: #33cccc;\"><strong>Vinculaci\u00f3n y compromiso con la comunidad<\/strong><\/span><\/li><li><span style=\"color: #33cccc;\"><strong>Cuidado y preservaci\u00f3n del medio ambiente<\/strong><\/span><\/li><li><span style=\"color: #33cccc;\"><strong>Gesti\u00f3n responsable del negocio<\/strong><\/span><\/li><\/ol><p style=\"font-weight: 400;\"><span style=\"color: #000000;\">No se trata \u00fanicamente de tener programas aislados, sino de demostrar <span style=\"color: #33cccc;\"><strong>consistencia, medici\u00f3n e impact<span style=\"color: #33cccc;\">o<\/span><\/strong>.<\/span><\/span><\/p>\t\t\t\t\t\t\t\t<\/div>\n\t\t\t\t\t<\/div>\n\t\t<\/div>\n\t\t\t\t<div class=\"elementor-column elementor-col-50 elementor-top-column elementor-element elementor-element-4cdb343\" data-id=\"4cdb343\" data-element_type=\"column\" data-e-type=\"column\" data-settings=\"{&quot;background_background&quot;:&quot;classic&quot;}\">\n\t\t\t<div class=\"elementor-widget-wrap elementor-element-populated\">\n\t\t\t\t\t<div class=\"elementor-background-overlay\"><\/div>\n\t\t\t\t\t\t<div class=\"elementor-element elementor-element-95090a7 elementor-widget elementor-widget-heading\" data-id=\"95090a7\" data-element_type=\"widget\" data-e-type=\"widget\" data-widget_type=\"heading.default\">\n\t\t\t\t\t<h4 class=\"elementor-heading-title elementor-size-default\">ESR: \u00bfPor qu\u00e9 ser una Empresa Socialmente Responsable impulsa la confianza y competitividad?<\/h4>\t\t\t\t<\/div>\n\t\t\t\t\t<\/div>\n\t\t<\/div>\n\t\t\t\t\t<\/div>\n\t\t<\/section>\n\t\t\t\t<section class=\"elementor-section elementor-top-section elementor-element elementor-element-1029bb6d elementor-section-content-middle elementor-section-boxed elementor-section-height-default elementor-section-height-default\" data-id=\"1029bb6d\" data-element_type=\"section\" data-e-type=\"section\">\n\t\t\t\t\t\t<div class=\"elementor-container elementor-column-gap-no\">\n\t\t\t\t\t<div class=\"elementor-column elementor-col-100 elementor-top-column elementor-element elementor-element-eb84d4e\" data-id=\"eb84d4e\" data-element_type=\"column\" data-e-type=\"column\">\n\t\t\t<div class=\"elementor-widget-wrap elementor-element-populated\">\n\t\t\t\t\t\t<div class=\"elementor-element elementor-element-280edfce elementor-widget elementor-widget-heading\" data-id=\"280edfce\" data-element_type=\"widget\" data-e-type=\"widget\" data-widget_type=\"heading.default\">\n\t\t\t\t\t<h2 class=\"elementor-heading-title elementor-size-default\">\u00bfPor qu\u00e9 es importante obtener el Distintivo ESR?<\/h2>\t\t\t\t<\/div>\n\t\t\t\t<section class=\"elementor-section elementor-inner-section elementor-element elementor-element-22712b2 elementor-section-content-top elementor-section-boxed elementor-section-height-default elementor-section-height-default\" data-id=\"22712b2\" data-element_type=\"section\" data-e-type=\"section\">\n\t\t\t\t\t\t<div class=\"elementor-container elementor-column-gap-no\">\n\t\t\t\t\t<div class=\"elementor-column elementor-col-100 elementor-inner-column elementor-element elementor-element-63aaf1eb\" data-id=\"63aaf1eb\" data-element_type=\"column\" data-e-type=\"column\">\n\t\t\t<div class=\"elementor-widget-wrap elementor-element-populated\">\n\t\t\t\t\t\t<div class=\"elementor-element elementor-element-47de091b elementor-widget elementor-widget-text-editor\" data-id=\"47de091b\" data-element_type=\"widget\" data-e-type=\"widget\" data-widget_type=\"text-editor.default\">\n\t\t\t\t\t\t\t\t\t<p style=\"font-weight: 400;\"><span style=\"color: #000000;\">Convertirse en ESR genera m\u00faltiples beneficios:<\/span><\/p><ul><li style=\"font-weight: 400;\"><span style=\"color: #33cccc;\"><strong>Beneficios reputacionales<\/strong><\/span><\/li><\/ul><p style=\"font-weight: 400;\"><span style=\"color: #000000;\">Ser reconocida como ESR diferencia a tu empresa ante clientes, inversionistas y socios estrat\u00e9gicos.<\/span><\/p><ul><li style=\"font-weight: 400;\"><span style=\"color: #33cccc;\"><strong>Beneficios laborales<\/strong><\/span><\/li><\/ul><p style=\"font-weight: 400;\"><span style=\"color: #000000;\">Mejora la <span style=\"color: #33cccc;\"><strong>retenci\u00f3n del talento<\/strong>,<\/span> el clima laboral y la productividad.<\/span><\/p><ul><li style=\"font-weight: 400;\"><span style=\"color: #33cccc;\"><strong>Beneficios comerciales<\/strong><\/span><\/li><\/ul><p style=\"font-weight: 400;\"><span style=\"color: #000000;\">Cada vez m\u00e1s empresas \u2014especialmente internacionales\u2014 buscan proveedores con pr\u00e1cticas responsables.<\/span><\/p><ul><li style=\"font-weight: 400;\"><span style=\"color: #33cccc;\"><strong>Cumplimiento y confianza<\/strong><\/span><\/li><\/ul><p><span style=\"font-weight: 400; color: #000000;\">Demuestra el apego a est\u00e1ndares \u00e9ticos, ambientales y sociales, reduciendo riesgos legales y reputacionales.<\/span><\/p>\t\t\t\t\t\t\t\t<\/div>\n\t\t\t\t<div class=\"elementor-element elementor-element-5a2b2a4 elementor-widget elementor-widget-heading\" data-id=\"5a2b2a4\" data-element_type=\"widget\" data-e-type=\"widget\" data-widget_type=\"heading.default\">\n\t\t\t\t\t<h2 class=\"elementor-heading-title elementor-size-default\">\u00bfQu\u00e9 eval\u00faa el Distintivo ESR?<\/h2>\t\t\t\t<\/div>\n\t\t\t\t<div class=\"elementor-element elementor-element-28c4c61 elementor-widget elementor-widget-text-editor\" data-id=\"28c4c61\" data-element_type=\"widget\" data-e-type=\"widget\" data-widget_type=\"text-editor.default\">\n\t\t\t\t\t\t\t\t\t<p style=\"font-weight: 400;\"><span style=\"color: #000000;\">El cuestionario ESR revisa m\u00e1s de <span style=\"color: #33cccc;\"><strong>140 indicadores<\/strong><\/span> relacionados con:<\/span><\/p><ul style=\"font-weight: 400;\"><li><span style=\"color: #000000;\">Derechos laborales<\/span><\/li><li><span style=\"color: #000000;\">Igualdad y no discriminaci\u00f3n<\/span><\/li><li><span style=\"color: #000000;\">Salud y seguridad en el trabajo<\/span><\/li><li><span style=\"color: #000000;\">Gobernanza corporativa<\/span><\/li><li><span style=\"color: #000000;\">Transparencia y anticorrupci\u00f3n<\/span><\/li><li><span style=\"color: #000000;\">Desarrollo comunitario<\/span><\/li><li><span style=\"color: #000000;\">Manejo adecuado de residuos<\/span><\/li><li><span style=\"color: #000000;\">Gesti\u00f3n ambiental (energ\u00eda, agua, emisiones)<\/span><\/li><li><span style=\"color: #000000;\">Voluntariado corporativo<\/span><\/li><\/ul><p style=\"font-weight: 400;\"><span style=\"color: #000000;\">Para obtener el distintivo, la empresa debe <span style=\"color: #33cccc;\"><strong>evidenciar pr\u00e1cticas reales, medibles y sostenibles<\/strong>.<\/span><\/span><\/p>\t\t\t\t\t\t\t\t<\/div>\n\t\t\t\t<div class=\"elementor-element elementor-element-c320b28 elementor-widget elementor-widget-heading\" data-id=\"c320b28\" data-element_type=\"widget\" data-e-type=\"widget\" data-widget_type=\"heading.default\">\n\t\t\t\t\t<h2 class=\"elementor-heading-title elementor-size-default\">\u00bfC\u00f3mo te apoya ASSIG en tu camino a ser ESR?<\/h2>\t\t\t\t<\/div>\n\t\t\t\t\t<\/div>\n\t\t<\/div>\n\t\t\t\t\t<\/div>\n\t\t<\/section>\n\t\t\t\t<div class=\"elementor-element elementor-element-dc80a8e elementor-widget elementor-widget-text-editor\" data-id=\"dc80a8e\" data-element_type=\"widget\" data-e-type=\"widget\" data-widget_type=\"text-editor.default\">\n\t\t\t\t\t\t\t\t\t<p style=\"font-weight: 400;\"><span style=\"color: #000000;\">En <span style=\"color: #33cccc;\"><strong>ASSIG<\/strong>,<\/span> ayudamos a las organizaciones a prepararse para este reconocimiento mediante:<\/span><\/p><ul style=\"font-weight: 400;\"><li><span style=\"color: #33cccc;\"><strong>Diagn\u00f3stico inicial (Gap Analysis)<\/strong><\/span><\/li><li><span style=\"color: #000000;\">Dise\u00f1o de pol\u00edticas laborales, \u00e9ticas y ambientales<\/span><\/li><li><span style=\"color: #000000;\">Integraci\u00f3n de indicadores y evidencias requeridas<\/span><\/li><li><span style=\"color: #000000;\">Implementaci\u00f3n de c\u00f3digos de conducta y programas de \u00e9tica<\/span><\/li><li><span style=\"color: #000000;\">Capacitaci\u00f3n en temas clave:<\/span><ul><li><span style=\"color: #000000;\">\u00c9tica empresarial<\/span><\/li><li><span style=\"color: #000000;\">Medio ambiente<\/span><\/li><li><span style=\"color: #000000;\">Salud y seguridad<\/span><\/li><li><span style=\"color: #000000;\">Derechos humanos<\/span><\/li><\/ul><\/li><li><span style=\"color: #000000;\">Preparaci\u00f3n de expedientes y documentaci\u00f3n para la postulaci\u00f3n<\/span><\/li><li><span style=\"color: #000000;\">Acompa\u00f1amiento hasta el env\u00edo del cuestionario ESR<\/span><\/li><\/ul><p style=\"font-weight: 400;\"><span style=\"color: #000000;\">Adem\u00e1s, contamos con el respaldo de nuestros <span style=\"color: #33cccc;\"><strong>partners especializados<\/strong>,<\/span> lo que nos permite incluir herramientas y asesor\u00eda en temas complementarios como:<\/span><\/p><ul style=\"font-weight: 400;\"><li><span style=\"color: #000000;\">Cumplimiento social (SMETA, SEDEX)<\/span><\/li><li><span style=\"color: #000000;\">Gesti\u00f3n ambiental avanzada<\/span><\/li><li><span style=\"color: #000000;\">Ciberseguridad y protecci\u00f3n de datos<\/span><\/li><li><span style=\"color: #000000;\">Gobierno corporativo y transparencia<\/span><\/li><\/ul>\t\t\t\t\t\t\t\t<\/div>\n\t\t\t\t\t<\/div>\n\t\t<\/div>\n\t\t\t\t\t<\/div>\n\t\t<\/section>\n\t\t\t\t<section class=\"elementor-section elementor-top-section elementor-element elementor-element-9c1432d elementor-section-boxed elementor-section-height-default elementor-section-height-default\" data-id=\"9c1432d\" data-element_type=\"section\" data-e-type=\"section\">\n\t\t\t\t\t\t<div class=\"elementor-container elementor-column-gap-default\">\n\t\t\t\t\t<div class=\"elementor-column elementor-col-100 elementor-top-column elementor-element elementor-element-3a22044\" data-id=\"3a22044\" data-element_type=\"column\" data-e-type=\"column\">\n\t\t\t<div class=\"elementor-widget-wrap elementor-element-populated\">\n\t\t\t\t\t\t<div class=\"elementor-element elementor-element-cb328cb elementor-widget elementor-widget-spacer\" data-id=\"cb328cb\" data-element_type=\"widget\" data-e-type=\"widget\" data-widget_type=\"spacer.default\">\n\t\t\t\t\t\t\t<div class=\"elementor-spacer\">\n\t\t\t<div class=\"elementor-spacer-inner\"><\/div>\n\t\t<\/div>\n\t\t\t\t\t\t<\/div>\n\t\t\t\t<div class=\"elementor-element elementor-element-b27c26a elementor-widget elementor-widget-heading\" data-id=\"b27c26a\" data-element_type=\"widget\" data-e-type=\"widget\" data-widget_type=\"heading.default\">\n\t\t\t\t\t<h4 class=\"elementor-heading-title elementor-size-default\">En ASSIG, estamos listos para ayudarte a recorrer este camino con evaluaci\u00f3n, acompa\u00f1amiento y evidencia s\u00f3lida.<\/h4>\t\t\t\t<\/div>\n\t\t\t\t<div class=\"elementor-element elementor-element-eaae71d elementor-widget elementor-widget-text-editor\" data-id=\"eaae71d\" data-element_type=\"widget\" data-e-type=\"widget\" data-widget_type=\"text-editor.default\">\n\t\t\t\t\t\t\t\t\t<p style=\"font-weight: 400; text-align: center;\"><strong><span style=\"color: #000000;\"><em>Cont\u00e1ctanos<\/em><\/span><\/strong><\/p><p style=\"font-weight: 400; text-align: center;\"><span style=\"color: #000000;\">Escr\u00edbenos por WhatsApp <strong>220 492 99 93<\/strong> o env\u00edanos un correo a <strong>contacto@assig.com.mx<\/strong><\/span><\/p><p style=\"font-weight: 400; text-align: center;\"><span style=\"color: #33cccc;\">#ESR #EmpresaSocialmenteResponsable #CEMEFI #ResponsabilidadSocial #ASSIG #Sostenibilidad #\u00c9ticaEmpresarial #Gobernanza #ImpactoSocial #MedioAmbiente #Consultor\u00edaISO<\/span><\/p>\t\t\t\t\t\t\t\t<\/div>\n\t\t\t\t\t<\/div>\n\t\t<\/div>\n\t\t\t\t\t<\/div>\n\t\t<\/section>\n\t\t\t\t<\/div>\n\t\t","protected":false},"excerpt":{"rendered":"<p>La responsabilidad social dej\u00f3 de ser una tendencia para convertirse en una exigencia del mercado.Hoy, clientes, inversionistas, colaboradores y la [&hellip;]<\/p>\n","protected":false},"author":1,"featured_media":1189,"parent":0,"menu_order":0,"comment_status":"closed","ping_status":"closed","template":"","meta":{"om_disable_all_campaigns":false,"_monsterinsights_skip_tracking":false,"_monsterinsights_sitenote_active":false,"_monsterinsights_sitenote_note":"","_monsterinsights_sitenote_category":0,"site-sidebar-layout":"no-sidebar","site-content-layout":"page-builder","ast-site-content-layout":"full-width-container","site-content-style":"default","site-sidebar-style":"default","ast-global-header-display":"","ast-banner-title-visibility":"","ast-main-header-display":"","ast-hfb-above-header-display":"","ast-hfb-below-header-display":"","ast-hfb-mobile-header-display":"","site-post-title":"disabled","ast-breadcrumbs-content":"","ast-featured-img":"disabled","footer-sml-layout":"","ast-disable-related-posts":"","theme-transparent-header-meta":"","adv-header-id-meta":"","stick-header-meta":"","header-above-stick-meta":"","header-main-stick-meta":"","header-below-stick-meta":"","astra-migrate-meta-layouts":"set","ast-page-background-enabled":"default","ast-page-background-meta":{"desktop":{"background-color":"","background-image":"","background-repeat":"repeat","background-position":"center center","background-size":"auto","background-attachment":"scroll","background-type":"","background-media":"","overlay-type":"","overlay-color":"","overlay-opacity":"","overlay-gradient":""},"tablet":{"background-color":"","background-image":"","background-repeat":"repeat","background-position":"center center","background-size":"auto","background-attachment":"scroll","background-type":"","background-media":"","overlay-type":"","overlay-color":"","overlay-opacity":"","overlay-gradient":""},"mobile":{"background-color":"","background-image":"","background-repeat":"repeat","background-position":"center center","background-size":"auto","background-attachment":"scroll","background-type":"","background-media":"","overlay-type":"","overlay-color":"","overlay-opacity":"","overlay-gradient":""}},"ast-content-background-meta":{"desktop":{"background-color":"var(--ast-global-color-5)","background-image":"","background-repeat":"repeat","background-position":"center center","background-size":"auto","background-attachment":"scroll","background-type":"","background-media":"","overlay-type":"","overlay-color":"","overlay-opacity":"","overlay-gradient":""},"tablet":{"background-color":"var(--ast-global-color-5)","background-image":"","background-repeat":"repeat","background-position":"center center","background-size":"auto","background-attachment":"scroll","background-type":"","background-media":"","overlay-type":"","overlay-color":"","overlay-opacity":"","overlay-gradient":""},"mobile":{"background-color":"var(--ast-global-color-5)","background-image":"","background-repeat":"repeat","background-position":"center center","background-size":"auto","background-attachment":"scroll","background-type":"","background-media":"","overlay-type":"","overlay-color":"","overlay-opacity":"","overlay-gradient":""}},"footnotes":""},"class_list":["post-2483","page","type-page","status-publish","has-post-thumbnail","hentry"],"aioseo_notices":[],"_links":{"self":[{"href":"https:\/\/assig.com.mx\/index.php?rest_route=\/wp\/v2\/pages\/2483","targetHints":{"allow":["GET"]}}],"collection":[{"href":"https:\/\/assig.com.mx\/index.php?rest_route=\/wp\/v2\/pages"}],"about":[{"href":"https:\/\/assig.com.mx\/index.php?rest_route=\/wp\/v2\/types\/page"}],"author":[{"embeddable":true,"href":"https:\/\/assig.com.mx\/index.php?rest_route=\/wp\/v2\/users\/1"}],"replies":[{"embeddable":true,"href":"https:\/\/assig.com.mx\/index.php?rest_route=%2Fwp%2Fv2%2Fcomments&post=2483"}],"version-history":[{"count":4,"href":"https:\/\/assig.com.mx\/index.php?rest_route=\/wp\/v2\/pages\/2483\/revisions"}],"predecessor-version":[{"id":2488,"href":"https:\/\/assig.com.mx\/index.php?rest_route=\/wp\/v2\/pages\/2483\/revisions\/2488"}],"wp:featuredmedia":[{"embeddable":true,"href":"https:\/\/assig.com.mx\/index.php?rest_route=\/wp\/v2\/media\/1189"}],"wp:attachment":[{"href":"https:\/\/assig.com.mx\/index.php?rest_route=%2Fwp%2Fv2%2Fmedia&parent=2483"}],"curies":[{"name":"wp","href":"https:\/\/api.w.org\/{rel}","templated":true}]}}