{"id":2165,"date":"2025-11-14T14:04:12","date_gmt":"2025-11-14T14:04:12","guid":{"rendered":"https:\/\/assig.com.mx\/?page_id=2165"},"modified":"2025-11-16T18:44:27","modified_gmt":"2025-11-16T18:44:27","slug":"blog-gestion-de-alergenos-duplicado-1476","status":"publish","type":"page","link":"https:\/\/assig.com.mx\/?page_id=2165","title":{"rendered":"Blog Validaci\u00f3n de sistemas computarizados"},"content":{"rendered":"\t\t<div data-elementor-type=\"wp-page\" data-elementor-id=\"2165\" class=\"elementor elementor-2165\">\n\t\t\t\t\t\t<section class=\"elementor-section elementor-top-section elementor-element elementor-element-38e6989f elementor-section-full_width elementor-section-content-middle elementor-section-height-default elementor-section-height-default\" data-id=\"38e6989f\" data-element_type=\"section\" data-e-type=\"section\">\n\t\t\t\t\t\t<div class=\"elementor-container elementor-column-gap-no\">\n\t\t\t\t\t<div class=\"elementor-column elementor-col-50 elementor-top-column elementor-element elementor-element-4cdb343\" data-id=\"4cdb343\" data-element_type=\"column\" data-e-type=\"column\" data-settings=\"{&quot;background_background&quot;:&quot;classic&quot;}\">\n\t\t\t<div class=\"elementor-widget-wrap elementor-element-populated\">\n\t\t\t\t\t<div class=\"elementor-background-overlay\"><\/div>\n\t\t\t\t\t\t<div class=\"elementor-element elementor-element-95090a7 elementor-widget elementor-widget-heading\" data-id=\"95090a7\" data-element_type=\"widget\" data-e-type=\"widget\" data-widget_type=\"heading.default\">\n\t\t\t\t\t<h4 class=\"elementor-heading-title elementor-size-default\">Validaci\u00f3n de sistemas computarizados: m\u00e1s all\u00e1 del cumplimiento, una decisi\u00f3n inteligente<\/h4>\t\t\t\t<\/div>\n\t\t\t\t\t<\/div>\n\t\t<\/div>\n\t\t\t\t<div class=\"elementor-column elementor-col-50 elementor-top-column elementor-element elementor-element-299aba36\" data-id=\"299aba36\" data-element_type=\"column\" data-e-type=\"column\">\n\t\t\t<div class=\"elementor-widget-wrap elementor-element-populated\">\n\t\t\t\t\t\t<div class=\"elementor-element elementor-element-67f437ad elementor-widget__width-initial elementor-widget elementor-widget-text-editor\" data-id=\"67f437ad\" data-element_type=\"widget\" data-e-type=\"widget\" data-widget_type=\"text-editor.default\">\n\t\t\t\t\t\t\t\t\t<p style=\"font-weight: 400;\"><span style=\"color: #000000;\">En un entorno cada vez m\u00e1s digitalizado, los laboratorios y las empresas farmac\u00e9uticas, veterinarias y de alimentos dependen de sistemas computarizados para <span style=\"color: #33cccc;\"><strong>registrar, analizar y conservar datos cr\u00edticos<\/strong>.<\/span><\/span><br \/><span style=\"color: #000000;\">Sin embargo, \u00bfc\u00f3mo garantizar que esa informaci\u00f3n de la que dependen decisiones regulatorias, sanitarias o comerciales sea confiable y verificable?<\/span><\/p><p style=\"font-weight: 400;\"><span style=\"color: #000000;\">La <span style=\"color: #33cccc;\"><strong>validaci\u00f3n de sistemas computarizados (CSV)<\/strong><\/span> no es solo una exigencia t\u00e9cnica o regulatoria.<\/span><br \/><span style=\"color: #000000;\">Es una <span style=\"color: #33cccc;\"><strong>herramienta estrat\u00e9gica<\/strong><\/span> para proteger la integridad de los datos, mantener la trazabilidad y fortalecer la confianza en los resultados generados por el sistema.<\/span><\/p>\t\t\t\t\t\t\t\t<\/div>\n\t\t\t\t\t<\/div>\n\t\t<\/div>\n\t\t\t\t\t<\/div>\n\t\t<\/section>\n\t\t\t\t<section class=\"elementor-section elementor-top-section elementor-element elementor-element-42fce7bf elementor-section-content-middle elementor-section-boxed elementor-section-height-default elementor-section-height-default\" data-id=\"42fce7bf\" data-element_type=\"section\" data-e-type=\"section\">\n\t\t\t\t\t\t<div class=\"elementor-container elementor-column-gap-no\">\n\t\t\t\t\t<div class=\"elementor-column elementor-col-100 elementor-top-column elementor-element elementor-element-62fd7d8f\" data-id=\"62fd7d8f\" data-element_type=\"column\" data-e-type=\"column\">\n\t\t\t<div class=\"elementor-widget-wrap elementor-element-populated\">\n\t\t\t\t\t\t<div class=\"elementor-element elementor-element-7578b511 elementor-widget elementor-widget-heading\" data-id=\"7578b511\" data-element_type=\"widget\" data-e-type=\"widget\" data-widget_type=\"heading.default\">\n\t\t\t\t\t<h2 class=\"elementor-heading-title elementor-size-default\">La validaci\u00f3n como parte de la cultura de integridad de datos<\/h2>\t\t\t\t<\/div>\n\t\t\t\t<div class=\"elementor-element elementor-element-74ad15bd elementor-widget elementor-widget-text-editor\" data-id=\"74ad15bd\" data-element_type=\"widget\" data-e-type=\"widget\" data-widget_type=\"text-editor.default\">\n\t\t\t\t\t\t\t\t\t<p style=\"font-weight: 400;\"><span style=\"color: #000000;\">Validar un sistema computarizado implica <span style=\"color: #33cccc;\"><strong>demostrar con evidencia objetiva<\/strong><\/span> que opera de manera segura, precisa y reproducible.<\/span><br \/><span style=\"color: #000000;\">Pero su verdadero valor radica en crear una <span style=\"color: #33cccc;\"><strong>cultura de integridad de datos<\/strong>,<\/span> donde cada registro electr\u00f3nico, firma o resultado sea:<\/span><\/p><ul><li><span style=\"color: #000000;\"><span style=\"color: #33cccc;\"><strong>\u00cdntegro:<\/strong> <\/span>no alterado ni perdido.<\/span><\/li><li><span style=\"color: #000000;\"><span style=\"color: #33cccc;\"><strong>Confiable:<\/strong><\/span> trazable desde su origen.<\/span><\/li><li><span style=\"color: #000000;\"><span style=\"color: #33cccc;\"><strong>Aut\u00e9ntico:<\/strong><\/span> vinculado al responsable.<\/span><\/li><li><span style=\"color: #000000;\"><span style=\"color: #33cccc;\"><strong>Disponible:<\/strong><\/span> accesible durante todo su ciclo de vida.<\/span><\/li><\/ul><p style=\"font-weight: 400;\"><span style=\"color: #000000;\">En otras palabras: si los datos no son confiables, las decisiones tampoco lo ser\u00e1n.<\/span><\/p><p style=\"font-weight: 400;\"><span style=\"color: #000000;\">\u00a0<\/span><\/p>\t\t\t\t\t\t\t\t<\/div>\n\t\t\t\t<div class=\"elementor-element elementor-element-603e9ad elementor-widget elementor-widget-heading\" data-id=\"603e9ad\" data-element_type=\"widget\" data-e-type=\"widget\" data-widget_type=\"heading.default\">\n\t\t\t\t\t<h2 class=\"elementor-heading-title elementor-size-default\">Lo que exige la regulaci\u00f3n<\/h2>\t\t\t\t<\/div>\n\t\t\t\t<div class=\"elementor-element elementor-element-90a0f3c elementor-widget elementor-widget-text-editor\" data-id=\"90a0f3c\" data-element_type=\"widget\" data-e-type=\"widget\" data-widget_type=\"text-editor.default\">\n\t\t\t\t\t\t\t\t\t<p style=\"font-weight: 400;\"><span style=\"color: #000000;\">Organismos internacionales como <span style=\"color: #33cccc;\"><strong>FDA (21 CFR Parte 11)<\/strong>.<\/span><\/span><\/p><p style=\"font-weight: 400;\"><span style=\"color: #000000;\">Esto aplica a todo tipo de software:<\/span><\/p><ul style=\"font-weight: 400;\"><li><span style=\"color: #000000;\">Equipos de laboratorio con interfaz digital.<\/span><\/li><li><span style=\"color: #000000;\">Sistemas de gesti\u00f3n de datos (ERP).<\/span><\/li><li><span style=\"color: #000000;\">Sistemas que generan, procesan o almacenan registros electr\u00f3nicos.<\/span><\/li><\/ul>\t\t\t\t\t\t\t\t<\/div>\n\t\t\t\t<div class=\"elementor-element elementor-element-cd231fa elementor-widget elementor-widget-heading\" data-id=\"cd231fa\" data-element_type=\"widget\" data-e-type=\"widget\" data-widget_type=\"heading.default\">\n\t\t\t\t\t<h2 class=\"elementor-heading-title elementor-size-default\">Desaf\u00edos m\u00e1s comunes en las organizaciones:<\/h2>\t\t\t\t<\/div>\n\t\t\t\t<div class=\"elementor-element elementor-element-4f9f88e6 elementor-widget elementor-widget-text-editor\" data-id=\"4f9f88e6\" data-element_type=\"widget\" data-e-type=\"widget\" data-widget_type=\"text-editor.default\">\n\t\t\t\t\t\t\t\t\t<ol><li><span style=\"color: #33cccc;\"><strong>Falta de claridad en los requerimientos del usuario (URS)<\/strong><\/span><\/li><li><span style=\"color: #000000;\"><span style=\"color: #33cccc;\"><strong>Poca documentaci\u00f3n<\/strong> <\/span>sobre la configuraci\u00f3n o el ciclo de vida del sistema.<\/span><\/li><li><span style=\"color: #000000;\"><span style=\"color: #33cccc;\"><strong>Cambios no controlados<\/strong> <\/span>en el software o el hardware.<\/span><\/li><li><span style=\"color: #000000;\"><span style=\"color: #33cccc;\"><strong>Dependencia del proveedor<\/strong> <\/span>sin validar el uso espec\u00edfico en la empresa.<\/span><\/li><li><span style=\"color: #000000;\"><span style=\"color: #33cccc;\"><strong>Ausencia de capacitaci\u00f3n<\/strong><\/span> en principios de integridad de datos.<\/span><\/li><\/ol><p><span style=\"color: #000000;\">Estos problemas no solo generan desviaciones, sino que debilitan la confiabilidad del sistema y aumentan el riesgo de incumplimiento regulatorio.<\/span><\/p>\t\t\t\t\t\t\t\t<\/div>\n\t\t\t\t<div class=\"elementor-element elementor-element-f9e5866 elementor-widget elementor-widget-heading\" data-id=\"f9e5866\" data-element_type=\"widget\" data-e-type=\"widget\" data-widget_type=\"heading.default\">\n\t\t\t\t\t<h2 class=\"elementor-heading-title elementor-size-default\">Beneficios de validar correctamente tus sistemas<\/h2>\t\t\t\t<\/div>\n\t\t\t\t<div class=\"elementor-element elementor-element-7ae8165 elementor-widget elementor-widget-text-editor\" data-id=\"7ae8165\" data-element_type=\"widget\" data-e-type=\"widget\" data-widget_type=\"text-editor.default\">\n\t\t\t\t\t\t\t\t\t<ul><li><span style=\"color: #000000;\">Reducci\u00f3n de riesgos regulatorios (FDA, COFEPRIS).<\/span><\/li><li><span style=\"color: #000000;\">Mayor confianza en la toma de decisiones basada en datos.<\/span><\/li><li><span style=\"color: #000000;\">Estandarizaci\u00f3n de procesos y trazabilidad completa.<\/span><\/li><li><span style=\"color: #000000;\">Prevenci\u00f3n de errores humanos y tecnol\u00f3<\/span><\/li><li><span style=\"color: #000000;\">Protecci\u00f3n de la reputaci\u00f3n de la organizaci\u00f3n ante auditor\u00edas o clientes.<\/span><\/li><\/ul><p style=\"font-weight: 400;\"><span style=\"color: #000000;\">M\u00e1s que un requisito, la validaci\u00f3n es una <span style=\"color: #33cccc;\"><strong>inversi\u00f3n en calidad, seguridad y confianza<\/strong>.<\/span><\/span><\/p>\t\t\t\t\t\t\t\t<\/div>\n\t\t\t\t\t<\/div>\n\t\t<\/div>\n\t\t\t\t\t<\/div>\n\t\t<\/section>\n\t\t\t\t<section class=\"elementor-section elementor-top-section elementor-element elementor-element-9c1432d elementor-section-boxed elementor-section-height-default elementor-section-height-default\" data-id=\"9c1432d\" data-element_type=\"section\" data-e-type=\"section\">\n\t\t\t\t\t\t<div class=\"elementor-container elementor-column-gap-default\">\n\t\t\t\t\t<div class=\"elementor-column elementor-col-100 elementor-top-column elementor-element elementor-element-3a22044\" data-id=\"3a22044\" data-element_type=\"column\" data-e-type=\"column\">\n\t\t\t<div class=\"elementor-widget-wrap elementor-element-populated\">\n\t\t\t\t\t\t<div class=\"elementor-element elementor-element-b27c26a elementor-widget elementor-widget-heading\" data-id=\"b27c26a\" data-element_type=\"widget\" data-e-type=\"widget\" data-widget_type=\"heading.default\">\n\t\t\t\t\t<h4 class=\"elementor-heading-title elementor-size-default\">En ASSIG te ayudamos a validar <\/h4>\t\t\t\t<\/div>\n\t\t\t\t<div class=\"elementor-element elementor-element-eaae71d elementor-widget elementor-widget-text-editor\" data-id=\"eaae71d\" data-element_type=\"widget\" data-e-type=\"widget\" data-widget_type=\"text-editor.default\">\n\t\t\t\t\t\t\t\t\t<p style=\"font-weight: 400;\"><span style=\"color: #000000;\">Nuestro equipo de especialistas dise\u00f1a e implementa <span style=\"color: #33cccc;\"><strong>estrategias de validaci\u00f3n adaptadas al tipo de sistema y nivel de riesgo<\/strong><\/span>, cumpliendo con los lineamientos de<span style=\"color: #33cccc;\"> <strong>GAMP 5<\/strong> <\/span>y <span style=\"color: #33cccc;\"><strong>FDA 21 CFR Parte 11<\/strong>.<\/span><\/span><\/p><p style=\"font-weight: 400;\"><span style=\"color: #000000;\">Ofrecemos:<\/span><\/p><ul style=\"font-weight: 400;\"><li><span style=\"color: #33cccc;\"><strong>Elaboraci\u00f3n del Plan Maestro de Validaci\u00f3n (PMV)<\/strong>.<\/span><\/li><li><span style=\"color: #000000;\"><span style=\"color: #33cccc;\"><strong>Dise\u00f1o de protocolos DQ\/ IQ\/OQ\/PQ<\/strong> <\/span>y ejecuci\u00f3n documentada.<\/span><\/li><li><span style=\"color: #33cccc;\"><strong>Capacitaci\u00f3n t\u00e9cnica y regulatoria al personal.<\/strong><\/span><\/li><\/ul>\t\t\t\t\t\t\t\t<\/div>\n\t\t\t\t\t<\/div>\n\t\t<\/div>\n\t\t\t\t\t<\/div>\n\t\t<\/section>\n\t\t\t\t<section class=\"elementor-section elementor-top-section elementor-element elementor-element-27ea4ec elementor-section-boxed elementor-section-height-default elementor-section-height-default\" data-id=\"27ea4ec\" data-element_type=\"section\" data-e-type=\"section\">\n\t\t\t\t\t\t<div class=\"elementor-container elementor-column-gap-default\">\n\t\t\t\t\t<div class=\"elementor-column elementor-col-100 elementor-top-column elementor-element elementor-element-422f677\" data-id=\"422f677\" data-element_type=\"column\" data-e-type=\"column\">\n\t\t\t<div class=\"elementor-widget-wrap elementor-element-populated\">\n\t\t\t\t\t\t<div class=\"elementor-element elementor-element-794ba8d elementor-widget elementor-widget-heading\" data-id=\"794ba8d\" data-element_type=\"widget\" data-e-type=\"widget\" data-widget_type=\"heading.default\">\n\t\t\t\t\t<h4 class=\"elementor-heading-title elementor-size-default\">Conclusi\u00f3n<\/h4>\t\t\t\t<\/div>\n\t\t\t\t<div class=\"elementor-element elementor-element-91906bf elementor-widget elementor-widget-text-editor\" data-id=\"91906bf\" data-element_type=\"widget\" data-e-type=\"widget\" data-widget_type=\"text-editor.default\">\n\t\t\t\t\t\t\t\t\t<p style=\"font-weight: 400;\"><span style=\"color: #000000;\">Validar un sistema computarizado no es solo comprobar que \u201cfunciona\u201d: es <span style=\"color: #33cccc;\"><strong>garantizar que los datos sean veraces, trazables y defendibles ante una auditor\u00eda<\/strong>.<\/span><\/span><br \/><span style=\"color: #000000;\">Con un enfoque s\u00f3lido de validaci\u00f3n, tu empresa no solo cumple tambi\u00e9n <span style=\"color: #33cccc;\"><strong>construye confianza, transparencia y excelencia operativa<\/strong>.<\/span><\/span><\/p><p style=\"font-weight: 400; text-align: center;\"><span style=\"color: #000000;\">\ud83d\udce9 <span style=\"color: #33cccc;\"><strong>Cont\u00e1ctanos<\/strong><\/span> escr\u00edbenos por WhatsApp <span style=\"color: #33cccc;\"><strong>220 492 99 93<\/strong><\/span> o env\u00edanos un correo a <span style=\"color: #33cccc;\"><strong>contacto@assig.com.mx<\/strong><\/span><\/span><\/p><p style=\"font-weight: 400;\"><span style=\"color: #000000;\">#Validaci\u00f3nDeSistemasComputarizados #IntegridadDeDatos #GAMP5 #CFR21Parte11 #ASSIG #CalidadYCumplimiento #GxP #Consultor\u00edaFarmac\u00e9utica #DataIntegrity<\/span><\/p>\t\t\t\t\t\t\t\t<\/div>\n\t\t\t\t\t<\/div>\n\t\t<\/div>\n\t\t\t\t\t<\/div>\n\t\t<\/section>\n\t\t\t\t<\/div>\n\t\t","protected":false},"excerpt":{"rendered":"<p>Validaci\u00f3n de sistemas computarizados: m\u00e1s all\u00e1 del cumplimiento, una decisi\u00f3n inteligente En un entorno cada vez m\u00e1s digitalizado, los laboratorios [&hellip;]<\/p>\n","protected":false},"author":1,"featured_media":1189,"parent":0,"menu_order":0,"comment_status":"closed","ping_status":"closed","template":"","meta":{"om_disable_all_campaigns":false,"_monsterinsights_skip_tracking":false,"_monsterinsights_sitenote_active":false,"_monsterinsights_sitenote_note":"","_monsterinsights_sitenote_category":0,"site-sidebar-layout":"no-sidebar","site-content-layout":"page-builder","ast-site-content-layout":"full-width-container","site-content-style":"default","site-sidebar-style":"default","ast-global-header-display":"","ast-banner-title-visibility":"","ast-main-header-display":"","ast-hfb-above-header-display":"","ast-hfb-below-header-display":"","ast-hfb-mobile-header-display":"","site-post-title":"disabled","ast-breadcrumbs-content":"","ast-featured-img":"disabled","footer-sml-layout":"","ast-disable-related-posts":"","theme-transparent-header-meta":"","adv-header-id-meta":"","stick-header-meta":"","header-above-stick-meta":"","header-main-stick-meta":"","header-below-stick-meta":"","astra-migrate-meta-layouts":"set","ast-page-background-enabled":"default","ast-page-background-meta":{"desktop":{"background-color":"","background-image":"","background-repeat":"repeat","background-position":"center center","background-size":"auto","background-attachment":"scroll","background-type":"","background-media":"","overlay-type":"","overlay-color":"","overlay-opacity":"","overlay-gradient":""},"tablet":{"background-color":"","background-image":"","background-repeat":"repeat","background-position":"center center","background-size":"auto","background-attachment":"scroll","background-type":"","background-media":"","overlay-type":"","overlay-color":"","overlay-opacity":"","overlay-gradient":""},"mobile":{"background-color":"","background-image":"","background-repeat":"repeat","background-position":"center center","background-size":"auto","background-attachment":"scroll","background-type":"","background-media":"","overlay-type":"","overlay-color":"","overlay-opacity":"","overlay-gradient":""}},"ast-content-background-meta":{"desktop":{"background-color":"var(--ast-global-color-5)","background-image":"","background-repeat":"repeat","background-position":"center center","background-size":"auto","background-attachment":"scroll","background-type":"","background-media":"","overlay-type":"","overlay-color":"","overlay-opacity":"","overlay-gradient":""},"tablet":{"background-color":"var(--ast-global-color-5)","background-image":"","background-repeat":"repeat","background-position":"center center","background-size":"auto","background-attachment":"scroll","background-type":"","background-media":"","overlay-type":"","overlay-color":"","overlay-opacity":"","overlay-gradient":""},"mobile":{"background-color":"var(--ast-global-color-5)","background-image":"","background-repeat":"repeat","background-position":"center center","background-size":"auto","background-attachment":"scroll","background-type":"","background-media":"","overlay-type":"","overlay-color":"","overlay-opacity":"","overlay-gradient":""}},"footnotes":""},"class_list":["post-2165","page","type-page","status-publish","has-post-thumbnail","hentry"],"aioseo_notices":[],"_links":{"self":[{"href":"https:\/\/assig.com.mx\/index.php?rest_route=\/wp\/v2\/pages\/2165","targetHints":{"allow":["GET"]}}],"collection":[{"href":"https:\/\/assig.com.mx\/index.php?rest_route=\/wp\/v2\/pages"}],"about":[{"href":"https:\/\/assig.com.mx\/index.php?rest_route=\/wp\/v2\/types\/page"}],"author":[{"embeddable":true,"href":"https:\/\/assig.com.mx\/index.php?rest_route=\/wp\/v2\/users\/1"}],"replies":[{"embeddable":true,"href":"https:\/\/assig.com.mx\/index.php?rest_route=%2Fwp%2Fv2%2Fcomments&post=2165"}],"version-history":[{"count":4,"href":"https:\/\/assig.com.mx\/index.php?rest_route=\/wp\/v2\/pages\/2165\/revisions"}],"predecessor-version":[{"id":2173,"href":"https:\/\/assig.com.mx\/index.php?rest_route=\/wp\/v2\/pages\/2165\/revisions\/2173"}],"wp:featuredmedia":[{"embeddable":true,"href":"https:\/\/assig.com.mx\/index.php?rest_route=\/wp\/v2\/media\/1189"}],"wp:attachment":[{"href":"https:\/\/assig.com.mx\/index.php?rest_route=%2Fwp%2Fv2%2Fmedia&parent=2165"}],"curies":[{"name":"wp","href":"https:\/\/api.w.org\/{rel}","templated":true}]}}