{"id":1003,"date":"2024-01-09T00:41:44","date_gmt":"2024-01-09T00:41:44","guid":{"rendered":"https:\/\/assig.com.mx\/?page_id=1003"},"modified":"2024-01-09T00:44:15","modified_gmt":"2024-01-09T00:44:15","slug":"programa-de-mercados-globales","status":"publish","type":"page","link":"https:\/\/assig.com.mx\/?page_id=1003","title":{"rendered":"Programa de Mercados Globales"},"content":{"rendered":"\t\t<div data-elementor-type=\"wp-page\" data-elementor-id=\"1003\" class=\"elementor elementor-1003\">\n\t\t\t\t\t\t<section class=\"elementor-section elementor-top-section elementor-element elementor-element-74e280b elementor-section-content-middle elementor-section-boxed elementor-section-height-default elementor-section-height-default\" data-id=\"74e280b\" data-element_type=\"section\" data-e-type=\"section\" data-settings=\"{&quot;background_background&quot;:&quot;classic&quot;}\">\n\t\t\t\t\t\t\t<div class=\"elementor-background-overlay\"><\/div>\n\t\t\t\t\t\t\t<div class=\"elementor-container elementor-column-gap-wide\">\n\t\t\t\t\t<div class=\"elementor-column elementor-col-100 elementor-top-column elementor-element elementor-element-39d7f54\" data-id=\"39d7f54\" data-element_type=\"column\" data-e-type=\"column\">\n\t\t\t<div class=\"elementor-widget-wrap elementor-element-populated\">\n\t\t\t\t\t\t<div class=\"elementor-element elementor-element-847f0f9 elementor-widget elementor-widget-heading\" data-id=\"847f0f9\" data-element_type=\"widget\" data-e-type=\"widget\" data-widget_type=\"heading.default\">\n\t\t\t\t\t<h3 class=\"elementor-heading-title elementor-size-large\">Programa de Mercados Globales<\/h3>\t\t\t\t<\/div>\n\t\t\t\t<div class=\"elementor-element elementor-element-78fd80a elementor-widget-divider--view-line elementor-widget elementor-widget-divider\" data-id=\"78fd80a\" data-element_type=\"widget\" data-e-type=\"widget\" data-widget_type=\"divider.default\">\n\t\t\t\t\t\t\t<div class=\"elementor-divider\">\n\t\t\t<span class=\"elementor-divider-separator\">\n\t\t\t\t\t\t<\/span>\n\t\t<\/div>\n\t\t\t\t\t\t<\/div>\n\t\t\t\t<div class=\"elementor-element elementor-element-95b47a5 elementor-widget elementor-widget-text-editor\" data-id=\"95b47a5\" data-element_type=\"widget\" data-e-type=\"widget\" data-widget_type=\"text-editor.default\">\n\t\t\t\t\t\t\t\t\t<p>El Programa de Mercados Globales, reconocido por la Global Food Safety Initiative (GFSI) proporciona un marco estructurado y progresivo para que las empresas desarrollen sistemas de gesti\u00f3n de la inocuidad alimentaria, antes de buscar la certificaci\u00f3n bajo los est\u00e1ndares reconocidos por la GFSI, como FSSC 22000, BRCGS, SQF, entre otros.<\/p><p><span style=\"font-style: inherit; font-weight: inherit; text-align: left; color: var(--ast-global-color-3);\">Beneficios:\u00a0<\/span><\/p><ol><li><strong><span style=\"color: #33cccc;\">Mejora gradual:<\/span> <\/strong>El programa est\u00e1 dise\u00f1ado en diferentes niveles que permite a las empresas mejorar sus pr\u00e1cticas de higiene en el manejo y fabricaci\u00f3n de alimentos de manera progresiva y estructurada.<\/li><li><strong><span style=\"color: #33cccc;\">Preparaci\u00f3n para la certificaci\u00f3n bajo los est\u00e1ndares reconocidos por la GFSI:<\/span><\/strong> Proporciona un camino estructurado para que las empresas se preparen y se acerquen a los est\u00e1ndares de certificaci\u00f3n reconocidos por la GFSI, como FSSC 22000, BRCGS, SQF, entre otros.<\/li><li><strong><span style=\"color: #33cccc;\">Identificaci\u00f3n y gesti\u00f3n de peligros:<\/span><\/strong> Ayuda a las organizaciones a identificar y gestionar proactivamente los peligros relacionados con la inocuidad alimentaria, lo que aumenta la confianza en la calidad y la inocuidad de los alimentos.<\/li><li><strong><span style=\"color: #33cccc;\">Mejora de la competitividad:<\/span><\/strong> Las empresas pueden ser m\u00e1s competitivas en el mercado global, ya que demuestran su compromiso con altos est\u00e1ndares de calidad e inocuidad lo que puede ser un diferenciador clave.<\/li><li><strong><span style=\"color: #33cccc;\">Aumento de la confianza de los clientes:<\/span><\/strong> El cumplimiento de est\u00e1ndares reconocidos internacionalmente en relaci\u00f3n a la inocuidad alimentaria aumenta la confianza de los clientes en los productos de su organizaci\u00f3n, lo que puede llevar a una mayor fidelidad del cliente y una mejor reputaci\u00f3n de la marca.<\/li><li><strong><span style=\"color: #33cccc;\">Cumplimiento normativo:<\/span><\/strong> Ayuda a las organizaciones a cumplir con los requisitos legales y reglamentarios relacionados con la inocuidad de los alimentos.<\/li><\/ol><p><strong><span style=\"color: #33cccc;\">ASSIG<\/span><\/strong> te puede ayudar a dise\u00f1ar, desarrollar e implementar el Programa de Mercados Globales nivel b\u00e1sico e intermedio en tu organizaci\u00f3n.<\/p>\t\t\t\t\t\t\t\t<\/div>\n\t\t\t\t<div class=\"elementor-element elementor-element-38c4b05 elementor-widget elementor-widget-text-editor\" data-id=\"38c4b05\" data-element_type=\"widget\" data-e-type=\"widget\" data-widget_type=\"text-editor.default\">\n\t\t\t\t\t\t\t\t\t<p style=\"text-align: center;\"><strong><span style=\"color: #33cccc;\">Cont\u00e1ctanos para un webinar del Programa de Mercados Globales nivel b\u00e1sico o\u00a0<\/span><\/strong><strong><span style=\"color: #33cccc;\">intermedio.<\/span><\/strong> <br \/><span style=\"color: #33cccc;\"><strong>\u00a1Gratuito!<\/strong><\/span><\/p>\t\t\t\t\t\t\t\t<\/div>\n\t\t\t\t<div class=\"elementor-element elementor-element-44f6eb1 elementor-align-center elementor-widget elementor-widget-button\" data-id=\"44f6eb1\" data-element_type=\"widget\" data-e-type=\"widget\" data-widget_type=\"button.default\">\n\t\t\t\t\t\t\t\t\t\t<a class=\"elementor-button elementor-button-link elementor-size-sm\" href=\"https:\/\/assig.com.mx\/?page_id=273\">\n\t\t\t\t\t\t<span class=\"elementor-button-content-wrapper\">\n\t\t\t\t\t\t\t\t\t<span class=\"elementor-button-text\">CONT\u00c1CTANOS <\/span>\n\t\t\t\t\t<\/span>\n\t\t\t\t\t<\/a>\n\t\t\t\t\t\t\t\t<\/div>\n\t\t\t\t\t<\/div>\n\t\t<\/div>\n\t\t\t\t\t<\/div>\n\t\t<\/section>\n\t\t\t\t<\/div>\n\t\t","protected":false},"excerpt":{"rendered":"<p>Programa de Mercados Globales El Programa de Mercados Globales, reconocido por la Global Food Safety Initiative (GFSI) proporciona un marco [&hellip;]<\/p>\n","protected":false},"author":1,"featured_media":0,"parent":0,"menu_order":0,"comment_status":"closed","ping_status":"closed","template":"","meta":{"om_disable_all_campaigns":false,"_monsterinsights_skip_tracking":false,"_monsterinsights_sitenote_active":false,"_monsterinsights_sitenote_note":"","_monsterinsights_sitenote_category":0,"site-sidebar-layout":"no-sidebar","site-content-layout":"page-builder","ast-site-content-layout":"full-width-container","site-content-style":"default","site-sidebar-style":"default","ast-global-header-display":"","ast-banner-title-visibility":"","ast-main-header-display":"","ast-hfb-above-header-display":"","ast-hfb-below-header-display":"","ast-hfb-mobile-header-display":"","site-post-title":"disabled","ast-breadcrumbs-content":"","ast-featured-img":"disabled","footer-sml-layout":"","ast-disable-related-posts":"","theme-transparent-header-meta":"","adv-header-id-meta":"","stick-header-meta":"","header-above-stick-meta":"","header-main-stick-meta":"","header-below-stick-meta":"","astra-migrate-meta-layouts":"set","ast-page-background-enabled":"default","ast-page-background-meta":{"desktop":{"background-color":"","background-image":"","background-repeat":"repeat","background-position":"center center","background-size":"auto","background-attachment":"scroll","background-type":"","background-media":"","overlay-type":"","overlay-color":"","overlay-opacity":"","overlay-gradient":""},"tablet":{"background-color":"","background-image":"","background-repeat":"repeat","background-position":"center center","background-size":"auto","background-attachment":"scroll","background-type":"","background-media":"","overlay-type":"","overlay-color":"","overlay-opacity":"","overlay-gradient":""},"mobile":{"background-color":"","background-image":"","background-repeat":"repeat","background-position":"center center","background-size":"auto","background-attachment":"scroll","background-type":"","background-media":"","overlay-type":"","overlay-color":"","overlay-opacity":"","overlay-gradient":""}},"ast-content-background-meta":{"desktop":{"background-color":"var(--ast-global-color-5)","background-image":"","background-repeat":"repeat","background-position":"center center","background-size":"auto","background-attachment":"scroll","background-type":"","background-media":"","overlay-type":"","overlay-color":"","overlay-opacity":"","overlay-gradient":""},"tablet":{"background-color":"var(--ast-global-color-5)","background-image":"","background-repeat":"repeat","background-position":"center center","background-size":"auto","background-attachment":"scroll","background-type":"","background-media":"","overlay-type":"","overlay-color":"","overlay-opacity":"","overlay-gradient":""},"mobile":{"background-color":"var(--ast-global-color-5)","background-image":"","background-repeat":"repeat","background-position":"center center","background-size":"auto","background-attachment":"scroll","background-type":"","background-media":"","overlay-type":"","overlay-color":"","overlay-opacity":"","overlay-gradient":""}},"footnotes":""},"class_list":["post-1003","page","type-page","status-publish","hentry"],"aioseo_notices":[],"_links":{"self":[{"href":"https:\/\/assig.com.mx\/index.php?rest_route=\/wp\/v2\/pages\/1003","targetHints":{"allow":["GET"]}}],"collection":[{"href":"https:\/\/assig.com.mx\/index.php?rest_route=\/wp\/v2\/pages"}],"about":[{"href":"https:\/\/assig.com.mx\/index.php?rest_route=\/wp\/v2\/types\/page"}],"author":[{"embeddable":true,"href":"https:\/\/assig.com.mx\/index.php?rest_route=\/wp\/v2\/users\/1"}],"replies":[{"embeddable":true,"href":"https:\/\/assig.com.mx\/index.php?rest_route=%2Fwp%2Fv2%2Fcomments&post=1003"}],"version-history":[{"count":9,"href":"https:\/\/assig.com.mx\/index.php?rest_route=\/wp\/v2\/pages\/1003\/revisions"}],"predecessor-version":[{"id":1015,"href":"https:\/\/assig.com.mx\/index.php?rest_route=\/wp\/v2\/pages\/1003\/revisions\/1015"}],"wp:attachment":[{"href":"https:\/\/assig.com.mx\/index.php?rest_route=%2Fwp%2Fv2%2Fmedia&parent=1003"}],"curies":[{"name":"wp","href":"https:\/\/api.w.org\/{rel}","templated":true}]}}